-5)/10)*(-16)/(-12). Give f(o).
-2
Let b(i) be the first derivative of i**2/2 + 2*i - 55. Let y = -139 - -144. Give b(y).
7
Let f(y) = -5*y + 17. Let u(l) = -23*l - 186. Let k be u(-8). Let g(p) = -10*p - 16. Let x be g(k). Calculate f(x).
-3
Let b(x) be the second derivative of -x**3/6 + x**2/2 + 59*x. Let m(k) = -4*k + 4. Let u(r) = -11*b(r) + 2*m(r). Give u(3).
6
Suppose 25*b - 20 = 30*b. Let o be b + 1 - (-11 - (-3 + 0)). Suppose -o*i - i = 6. Let r(l) = -25*l**3 - 2*l**2 - 2*l - 1. Calculate r(i).
24
Suppose 146*j - 1507 - 4288 = 775. Let m(d) = d**3 - 45*d**2 - 2*d + 96. Determine m(j).
6
Let k(w) = -12*w - 1. Let f(a) = -a + 2. Let c be f(-6). Let m = 338 - 330. Suppose 0 = c*o - m. Calculate k(o).
-13
Suppose 0 = -5*v - 2*f + 42, -5*v + 3*f = -9*v + 42. Let k(q) = q**3 - 9*q**2 + 13*q + 1. Calculate k(v).
-29
Let v(d) = d**3 + 0*d**3 + 6*d - 18*d + 8*d**2 + 52378 - 52386. Calculate v(-9).
19
Suppose 8*c = -70 + 78. Let g(j) = 6*j**3 + 2*j**2 - 2*j + 1. What is g(c)?
7
Let j = 158697/20 - 7934. Let v(p) be the second derivative of 0*p**4 + 0 - 17*p - j*p**5 + 0*p**3 - 1/2*p**2. Determine v(-1).
16
Let k(v) = 16*v + 4. Suppose 15244*o - 68 = 15278*o. Determine k(o).
-28
Let u(k) be the third derivative of 3*k**2 - 1/12*k**4 + 1/6*k**3 + 27 + 1/60*k**5 + 0*k. What is u(4)?
9
Let f(m) = -7*m + 1. Let q be (105/63)/((-10)/(-12)). Let c(b) = -b - 3. Let t(w) = q*c(w) - f(w). Determine t(3).
8
Let g(y) = -3*y + 30. Suppose -70*w + 126*w - 1232 = 0. What is g(w)?
-36
Let d = -23 + 17. Let x(z) be the third derivative of z**5/60 + z**3/6 + 35*z**2. Let n(l) = -7*l**2 - 5*l - 6. Let q(g) = -n(g) - 6*x(g). Give q(d).
6
Let q(y) = y**2 - 16*y + 23. Suppose -1120 = -65*i - 15*i. Calculate q(i).
-5
Let m(x) = -x**3 - x**2 + x - 9. Let o be m(0). Let r(d) = 64*d**2 + 11*d + 7. Let g(b) = 43*b**2 + 11*b + 5. Let p(v) = -3*g(v) + 2*r(v). Calculate p(o).
17
Suppose -2*w - 4 = -18. Let x(i) = i**2 - 7*i - 1. Let q be x(w). Let l(c) be the third derivative of c**6/24 - c**5/60 + c**3/6 - 3*c**2 - 4. What is l(q)?
-5
Let i(g) = g**2 - 2*g - 1 - 5*g + 8. Let u(s) = s**3 + 4*s**2 + 5. Let m be u(-4). Calculate i(m).
-3
Suppose 5*i = -x - 117, 4*i + 100 = -2*x - 2*x. Let y = 29 + i. Suppose -4*h = -y*h - 12. Let n(r) = r**3 + 7*r**2 + 7*r - 2. Calculate n(h).
-8
Suppose 0 = 3*q + 5*u + 7, 0*q - u - 17 = -2*q. Suppose 0*j = -4*j + 76. Let o(p) = -40*p + 15*p - q + j*p - p**2. What is o(-4)?
2
Let u(b) = -5*b + 2. Let z(w) = 2*w**3 - 5*w**2 - 4*w + 19. Let i be z(3). Suppose 4*c - i*c + 36 = 0. What is u(c)?
-13
Let x = 131 + -112. Let r(u) = 1 + 22*u + 0 + x*u - 37*u. Give r(-4).
-15
Let l(h) = 1293*h - 140 + 1299*h - 2600*h + 19. Determine l(-19).
31
Let m(n) = n**2 - 6*n - 4. Suppose -81 = 4*p - 5*p + 4*w, -p + 3*w = -81. Suppose 9*x = p - 0. Suppose 0 = -6*r + 45 - x. Calculate m(r).
-4
Let g(k) = -4*k - 2. Let n be g(-2). Suppose 5*r + 2 + 10 = -4*c, -3*c = -n. Let a(b) be the first derivative of -b**3/3 + b**2 + 5*b - 275. Calculate a(r).
-19
Let b(i) = 11*i**2 - 11*i - 9. Let m(z) = -2*z**2 + 4*z - 1. Let o(l) = b(l) + 5*m(l). Determine o(-11).
8
Let w(d) = -d**2 - 7*d + 19. Let u be w(-9). Let i be (278/(-8) - u) + 57/76. Let k = 32 + i. Let a(o) = -o**3 - 2*o**2 - 3*o. Give a(k).
18
Let r = -9 - -2. Let y(d) be the first derivative of -d**4/12 - 5*d**3/6 + 4*d**2 - 127*d - 271. Let q(o) be the first derivative of y(o). Calculate q(r).
-6
Let p(i) be the first derivative of -i**4/4 + i**2/2 - 2*i - 9441. Let b be (-2)/(-8) - 18/8. Determine p(b).
4
Let b(n) = -9*n - 4. Let o(f) = 2*f + 2. Let j(d) = -b(d) - 5*o(d). What is j(-3)?
-3
Let g(h) = -4*h**2 + 5*h + 9. Let w(v) = -2*v**2 + 3*v + 5. Let f(a) = -4*g(a) + 7*w(a). Let b(m) = m**3 - 6*m**2 + 9*m - 57. Let j be b(6). What is f(j)?
14
Let k(b) = -b**3 + 4*b - 8 + 2*b**2 + 19 - 2 + 3 - 9 - 8*b**2. Suppose -24 = y + 3*y. Determine k(y).
-21
Let c = 17181 + -17175. Let a(v) = -93*v + 559. Calculate a(c).
1
Let q(r) be the second derivative of -11*r**3/3 - 2*r**2 + 1358*r + 1. Calculate q(2).
-48
Let g(n) = -8*n**2 - 35*n + 10. Let x(i) = -3*i**2 - 12*i + 2. Let k(d) = 4*g(d) - 11*x(d). Give k(7).
11
Let l(u) = 17*u**3 + 53*u**2 + 40*u + 27. Let y(x) = 10*x**3 + 27*x**2 + 19*x + 14. Let b(i) = 3*l(i) - 5*y(i). Calculate b(-23).
-35
Let t(n) = -n**3 - 2*n**2 - 3*n - 1. Let y be t(-2). Let a(u) be the third derivative of u**5/60 - u**4/6 - u**3/6 + 247*u**2 + 9*u. Determine a(y).
4
Let c(q) = -2*q + 20. Suppose 5*r + 15 = -3*z, -219*z + 5*r = -216*z - 15. Calculate c(z).
20
Let l(h) = 33*h + 455. Let s be l(-14). Let y(p) = 2*p + 13. What is y(s)?
-1
Let z(d) = d**2 - 58*d - 313. Let f = 16427 - 16432. Calculate z(f).
2
Let c(b) = -8*b. Let x(i) = -i + 1. Let v(z) = -c(z) + 5*x(z). Let k(m) = -8*m - 14. Let t be 175/(-10) + (-2)/(-4). Let q(h) = t*v(h) - 6*k(h). What is q(1)?
-4
Let h(j) be the third derivative of -j**5/30 + j**4/8 - j**3/6 - 3*j**2 + 11. Let x = -48 + 50. Calculate h(x).
-3
Suppose -15*n - 4340 = 5*n. Let k = n + 210. Let w(i) = -i**3 - 8*i**2 - 5*i. What is w(k)?
-14
Let f(n) be the second derivative of 2*n**5/5 + n**3/3 - n**2 + n. Let u(m) = 3*m**2 - 256*m + 4757. Let y be u(58). Determine f(y).
8
Let u(q) = 6*q**2 - 12*q + 18. Let i be 15*(-42)/189*3/(-5). Calculate u(i).
18
Let n be ((-6)/9)/((-56)/18 + 3). Let m be (-246)/(-21) - 0 - n/(-21). Let s = -10 + m. Let q(h) = h + 1. Determine q(s).
3
Let z(r) = -2*r**3 - 13*r**2 - 4*r + 8. Let i be (31/(-93))/(2/36). Give z(i).
-4
Let z(c) = -c**2 + 10*c + 3. Let j be 591/84 - 125/3500. Determine z(j).
24
Let y(h) be the first derivative of h**4/4 + 2*h**3/3 - h**2/2 - h - 23. Let s = -271 + 269. What is y(s)?
1
Suppose -2*o = 122 - 46. Let v = -37 - o. Let z be v/((-4 + 3)*-1). Let u(x) = -6*x + 1. Determine u(z).
-5
Let h(l) = -100*l**3 + 2*l**3 - 2*l**2 + 3*l + 2*l**2 + 97*l**3 - 14. What is h(0)?
-14
Let b(o) be the second derivative of o**6/360 - o**5/24 - o**4/4 - 3*o**2/2 - 51*o. Let g(l) be the third derivative of b(l). Determine g(4).
3
Let a(y) = -3*y**2 - 3 - 4*y**3 + 7*y + 3*y**3 - 2*y**2. Suppose -37*u - 5836 = 25059. Let w = u - -829. Determine a(w).
-9
Let x(k) be the first derivative of 7/2*k**2 - 10*k - 12 + 1/12*k**4 + 7/6*k**3. Let y(s) be the first derivative of x(s). Give y(-5).
-3
Let j(l) = 17*l**2 - 4*l + 19. Let f(t) be the third derivative of 2*t**5/15 - t**4/12 + 3*t**3/2 - 9*t**2 - 2*t. Let q(g) = 13*f(g) - 6*j(g). Give q(2).
7
Let d be 9 + 8 + -1 + (4 - 8). Suppose -d = 6*b + 36. Let r(t) = t**3 + 8*t**2 - t - 5. What is r(b)?
3
Let q(y) be the third derivative of 19*y**6/120 + y**5/60 - y**3/3 - 91*y**2 + 38. Give q(-2).
-150
Let u(p) = 5*p. Let a(i) = -2*i + 11. Let v be a(4). Suppose -d = -v - 0. Suppose -t + 0 = d*j - 2, -5*j + 3*t + 22 = 0. Give u(j).
10
Let m(g) = -g**2 + 7*g - 6. Let c be m(1). Let o(q) = -q**2 - 6*q + 2. Let h be o(-6). Let f(x) = x**h - x + 0*x + c*x - 4. Calculate f(3).
2
Let p(v) = v**3 - 10*v**2 + 3*v + 5. Let b(f) = -f**3 + 96*f**2 - 1982*f + 69. Let o be b(30). What is p(o)?
-49
Let v be (-9 - (-87)/4) + (-2)/(-8). Suppose 67 = -v*g - 11. Let z(p) = p**2 + 5*p - 6. Give z(g).
0
Let k(a) be the second derivative of a**4/6 - 5*a**3/2 + 27*a**2/2 - 1605*a. Give k(4).
-1
Let z(n) = -6*n**2 - 45*n - 5. Let v be 7 + (-15 - (-15 - -15)). Determine z(v).
-29
Let h(l) = 3*l**3 - l**2 - 2*l - 1. Let z(t) = -17*t**3 + 25*t**2 - 10*t - 32. Let q(r) = 6*h(r) + z(r). Calculate q(-20).
2
Let f = 911 + -917. Let w(i) = -8*i - 32. What is w(f)?
16
Let l(q) be the first derivative of 6*q**2 - 17*q - 6171. Determine l(-5).
-77
Let z be ((-20)/(-8) - 3)/(6/(-60)). Let x(v) = 7*v**3 + 7*v + 5. Let k(c) = -6*c**3 - c**2 - 7*c - 5. Let p(t) = z*x(t) + 6*k(t). Determine p(-5).
5
Let u(c) = -c**3 - c**2 + 1. Let p = -758 + 759. Suppose -s + n = 2 + p, 10 = 5*n. Calculate u(s).
1
Suppose 9*x - 250 - 110 = 0. Suppose 33*a = x*a - 84. Suppose 4*y - a = -4*o, -y + 5*o + 5 = 4*y. Let b(u) = -u + 2. What is b(y)?
0
Let w(a) = 3*a - 1. Let u be w(-1). Let l be 3*1 - (9 + -18)/(-9). Let j(q) = -q**2 - 11*q**3 - 2*q**l + 10*q**3 + 5*q + 0*q**2 - 3. What is j(u)?
-7
Let p be (-39)/(-52)*(5 - -103). Suppose -78*u = -p*u - 6. Let t(m) = m**2 + m - 6. Give t(u).
-4
Suppose 0 = 5*i + i - 48. Suppose -4*d + i*d = 